?
False
Is 7435667207 prime?
True
Is 106813741 a prime number?
True
Is 3393913163 prime?
True
Is 10442019331 prime?
True
Is 14303833 a composite number?
True
Is 2728066069 a composite number?
True
Is 13737645533 composite?
False
Is 15930220849 composite?
False
Is 3886043021 composite?
True
Is 14085610085 a prime number?
False
Is 260126589 a composite number?
True
Is 5417737133 a composite number?
True
Is 3394948811 composite?
False
Is 1758504819 a prime number?
False
Is 50124421 a composite number?
True
Is 376133705 a prime number?
False
Is 1012351925027 a composite number?
False
Is 5876207 prime?
True
Is 27946173971 a prime number?
False
Is 867806475451 composite?
False
Is 78160726133 composite?
True
Is 2631084217 prime?
True
Is 883069871 a composite number?
False
Is 9184191997 a composite number?
False
Is 1325110321 a prime number?
True
Is 625296379 a prime number?
True
Is 122922935 composite?
True
Is 1195116551 composite?
False
Is 25572577331 a prime number?
False
Is 12763199455 prime?
False
Is 6281350801 a prime number?
False
Is 6111199081 a composite number?
True
Is 11879725301 a prime number?
True
Is 1258119943 a composite number?
False
Is 467987605 a prime number?
False
Is 4075454633 a composite number?
True
Is 92035439 prime?
False
Is 3128192162 a composite number?
True
Is 21494305303 composite?
False
Is 89317856893 composite?
True
Is 256785667 a prime number?
True
Is 709924931 a composite number?
True
Is 29131890439 a prime number?
True
Is 7219221979 composite?
False
Is 97452357767 a composite number?
False
Is 3955539097 prime?
True
Is 42766637933 composite?
False
Is 11403801641 composite?
True
Is 441302999 prime?
False
Is 23720688227 a prime number?
True
Is 18225397807 prime?
True
Is 4611237991 prime?
True
Is 2503950731 a composite number?
False
Is 8770152541 composite?
True
Is 1100189837 prime?
True
Is 2546488331 composite?
False
Is 1539240897 a prime number?
False
Is 6555960973 a composite number?
True
Is 112102127 composite?
True
Is 5586688363 a prime number?
True
Is 1727676733 a prime number?
True
Is 200794207 a composite number?
True
Is 4791064133 prime?
False
Is 403392811285 a prime number?
False
Is 1136427167 a composite number?
False
Is 10500662243 composite?
True
Is 377394554 a prime number?
False
Is 4273503847 composite?
False
Is 1106393711 a composite number?
True
Is 1157743 prime?
False
Is 9091485077 composite?
True
Is 673706333 a composite number?
False
Is 5887497163 a composite number?
False
Is 8160017531 a composite number?
False
Is 783102833 a prime number?
True
Is 462651017 a prime number?
True
Is 5341913413 a composite number?
False
Is 535267637 composite?
False
Is 2478372991 prime?
True
Is 750180773 prime?
True
Is 14840923 prime?
True
Is 25884952189 a composite number?
False
Is 12373501331 prime?
True
Is 125768271389 prime?
True
Is 1083798649 a prime number?
False
Is 429650563 a prime number?
True
Is 10582226917 a composite number?
False
Is 7533127061 a prime number?
False
Is 6364937771 prime?
True
Is 4175596441 a prime number?
True
Is 16220600771 composite?
False
Is 835232819 prime?
True
Is 607812523 prime?
True
Is 22982118239 a prime number?
False
Is 916380893 prime?
True
Is 3360009689 a prime number?
True
Is 2717926339 prime?
False
Is 671660771 prime?
False
Is 19617041867 a composite number?
False
Is 331840273 a composite number?
False
Is 2214923059 prime?
False
Is 7591039 composite?
False
Is 55758636221 a prime number?
False
Is 14117207719 a prime number?
False
Is 725944781 a prime number?
True
Is 22234520549 a prime number?
False
Is 70302319 a composite number?
True
Is 203255378 prime?
False
Is 136181028437 a prime number?
True
Is 112709395081 a prime number?
True
Is 818268733 a prime number?
True
Is 105281303 a prime number?
False
Is 1438939489 prime?
False
Is 461638200203 composite?
True
Is 293749423 a prime number?
False
Is 7586578331 composite?
False
Is 76567785487 prime?
False
Is 14170912957 a prime number?
True
Is 4107123609 a composite number?
True
Is 548180489 a composite number?
False
Is 26106500299 composite?
True
Is 32535609998 a composite number?
True
Is 4406643691 composite?
False
Is 5859895269 a prime number?
False
Is 80894429177 prime?
False
Is 14508162197 a composite number?
True
Is 1731683059 a prime number?
True
Is 592555499 composite?
False
Is 1311337369 a composite number?
True
Is 1758345587 a prime number?
True
Is 66428978689 composite?
True
Is 300818503294 composite?
True
Is 14061110299 a prime number?
True
Is 3891846797 composite?
True
Is 1200491081 composite?
True
Is 485203993 a prime number?
True
Is 4183973257 a composite number?
True
Is 342757469 composite?
False
Is 13671585661 a prime number?
False
Is 4690351667 prime?
False
Is 31225656281 a composite number?
True
Is 196047229585 a prime number?
False
Is 58478716039 prime?
False
Is 180623831 a composite number?
True
Is 21718299389 composite?
True
Is 2704336031 a prime number?
False
Is 22777735661 composite?
True
Is 2259605091 a prime number?
False
Is 2347710627 a prime number?
False
Is 13323504982 a prime number?
False
Is 57994058273 a composite number?
False
Is 488943017 prime?
False
Is 12545788757 prime?
True
Is 15070807303 composite?
False
Is 92722497193 a composite number?
False
Is 10531822731 a prime number?
False
Is 8618202773 a prime number?
False
Is 2626340231 composite?
False
Is 2518394117 a composite number?
False
Is 322072311733 a composite number?
False
Is 49493225887 a composite number?
True
Is 12685755649 a composite number?
True
Is 235797127 a prime number?
False
Is 17704403267 prime?
False
Is 5108873051 a composite number?
False
Is 2358645889 a prime number?
False
Is 51642462359 a prime number?
False
Is 290301031 prime?
True
Is 17129860223 prime?
False
Is 1695893071 composite?
False
Is 50230982927 a prime number?
True
Is 3829674223 a prime number?
True
Is 56819257 a composite number?
True
Is 1060589269 composite?
True
Is 2588752171 a prime number?
True
Is 19335869653 a composite number?
False
Is 4186286911 composite?
False
Is 30044433197 prime?
True
Is 757752689 a composite number?
False
Is 1133932609 a composite number?
False
Is 1297566995 prime?
False
Is 2207830303 composite?
True
Is 5357165861 prime?
False
Is 525561791 prime?
True
Is 1756939957 a composite number?
True
Is 378072481 a prime number?
True
Is 20320564547 prime?
False
Is 16724241211 prime?
False
Is 1824679327 a prime number?
True
Is 486297569 composite?
True
Is 7036860979 a composite number?
True
Is 340187131 composite?
False
Is 139010777 a prime number?
True
Is 1183924543 composite?
False
Is 138129382819 composite?
False
Is 1419667727 composite?
False
Is 566342273 a prime number?
False
Is 22867753955 composite?
True
Is 56928466999 composite?
True
Is 764512589 composite?
False
Is 695730181 a prime number?
True
Is 1089240158 prime?
False
Is 1575842959 composite?
False
Is 600770693 a composite number?
True
Is 185954239 a prime number?
False
Is 49248883 a composite number?
False
Is 1440880663 composite?
False
Is 11198146577 a composite number?
False
Is 485603101 a prime number?
False
Is 4225134857 prime?
True
Is 618367859 a composite number?
True
Is 11727347003 a prime number?
True
Is 5162594317 a prime number?
False
Is 533337199 composite?
True
Is 383738389 prime?
True
Is 9441437183 a composite number?
True
Is 732352139 prime?
True
Is 3168215957 a composite number?
False
Is 1112494247 a prime number?
True
Is 187059562843 a prime number?
True
Is 4467427753 a prime number?
True
Is 3223137191 composite?
True
Is 178060567 prime?
False
Is 715413841 prime?
True
Is 24255501565 prime?
False
Is 6394196411 composite?
False
Is 1676378051 prime?
True
Is 4707963097 composite?
False
Is 5536933861 a composite number?
True
Is 759653071 a composite number?
False
Is 1702297357 prime?
True
Is 35862129239 a prime number?
False
Is 88659421 prime?
False
Is 88595161 prime?
True
Is 2629692353 prime?
False
Is 34850925211 a prime number?
True
Is 38470056241 a composite number?
False
Is 18462680531 prime?
True
Is 3356565887 composite?
False
Is 22892088473 prime?
False
Is 81065757499 a prime number?
False
Is 700281039 prime?
False
Is 5161583293 prime?
True
Is 97569992129 prime?
True
Is 11351318471 prime?
True
Is 362031463 composite?
False
Is 454343479 composite?
True
Is 1179261